e
Let i be 2 + 2 - -34*74. Suppose -4*f - 2*n = -i, -11*n - 1885 = -3*f - 15*n. Is f a composite number?
False
Let q be 1/(-5) - (-96)/5. Suppose 2*a + 3 - q = 0. Suppose -3*i + 611 = a. Is i a prime number?
False
Let h be 17/51*18/2. Suppose 2*x - 4 = h*x, x - 522 = -2*l. Is l composite?
False
Let b = -30679 + 56114. Is b a composite number?
True
Suppose 5*u = 4*m - 1873, 2337 = 5*m - 139*u + 137*u. Is m a composite number?
False
Let j = -22400 + 90821. Is j a prime number?
False
Let l = 6 + -9. Is (-1544)/(-4) + l/(-1) a composite number?
False
Let s = 47942 - 26799. Is s a composite number?
False
Let q = -6247 + 10137. Let g = q + -531. Is g prime?
True
Let m(r) = r - 7. Let b be m(6). Let v be (b + 1)/(-4) + -28. Is (-13128)/v + (-3)/(-21) a composite number?
True
Suppose -5*p = 2*p + 10500. Let k = p - -3043. Is k composite?
False
Suppose -3*x - 6 = 4*t - 2, 4*t + 8 = -4*x. Is (18/27)/(t/447) a prime number?
True
Suppose 8*x - 12*x + 76 = 0. Let o(v) = -60*v + x - 71*v + 51*v. Is o(-6) a composite number?
False
Let i = 20 - 8. Suppose i*z = 17*z - 3130. Is z composite?
True
Suppose -15*g + 121838 = 1043. Is g prime?
True
Let f(l) = l**3 + 7*l**2 - 6. Let a be f(-6). Let t be 1 + (1 + 0)*0/29. Let g = t + a. Is g a composite number?
False
Let z(j) = j + 11. Let s be z(-6). Suppose 2*k = -t - k + 388, -s*t + 5*k = -1960. Is t a prime number?
False
Let a be (1 + -17 - 2)*3261/(-6). Let i = a - 5950. Is i a composite number?
False
Suppose 0 = 21*c - 60*c + 950079. Is c prime?
False
Suppose -3*o + 1044 = -4842. Let f = o + -1331. Is f prime?
True
Let h(m) = 17*m**3 - 5*m**2 - 39*m + 32. Is h(13) prime?
False
Let s(d) = -916*d - 341. Is s(-12) prime?
True
Let d be -3 + 3 + -1 + 0. Let j(v) = -223*v**3 - v - 1. Is j(d) composite?
False
Let a = 13596 - 7483. Is a prime?
True
Let l = 1492 + -797. Suppose 4*f - l = -2*y - 119, 4*f + 4*y - 572 = 0. Is f composite?
True
Let h be (-7)/(-7) + 3 + -2. Suppose 2*r - 9*y - 4387 = -6*y, h*r = -4*y + 4394. Is r prime?
False
Let w = 54 + -29. Let a = 162 - w. Let y = -55 + a. Is y prime?
False
Let u = 3 - 7. Let v be -4*(146/u - 0). Suppose -3*g = -v - 1. Is g prime?
False
Let j = -124 - -230. Suppose -p - 23 = -j. Is p a prime number?
True
Let q(h) = -253*h**3 - 2*h**2 - 7*h + 3. Is q(-2) a prime number?
False
Let m(l) = l**3 + 14*l**2 - 2*l - 1. Let p be m(-14). Let z = 9 - -9. Is (124/6)/(z/p) a composite number?
False
Is 66142/5 + (-18)/(-30) a prime number?
True
Let a = -153 - -220. Let n be (-12)/(-3) - (3 - a). Suppose n = c - 21. Is c composite?
False
Let f(b) = 3*b. Let p be f(2). Let d(g) be the first derivative of 15*g**2 + 7*g + 43. Is d(p) composite?
True
Let g = 5810 - 3887. Suppose 10*r - g = 7*r. Suppose -3*p + r = -2*p. Is p a prime number?
True
Let l(k) = -17*k - 11. Let p = -27 - -21. Let y be l(p). Let t = y - -58. Is t prime?
True
Let c be (11/1)/(7/(-7)). Let f(p) = -11*p - 10. Let l be f(c). Suppose 0 = r + 4*k - l, r + r = -5*k + 228. Is r composite?
True
Suppose 4*n + 3270 = x, 2*n - 5*n - 4*x = 2462. Is ((-15)/(-10))/((-3)/n) composite?
False
Suppose -20 = -4*t, u - 5*t + 3*t = 9061. Is u a prime number?
False
Let l(g) = 1263*g**2 + 4*g + 7. Is l(-2) prime?
True
Let i be ((-5)/((-75)/(-220)))/((-2)/183). Let h = -785 + i. Is h composite?
False
Let a(g) = 194*g**2 - 46*g - 227. Is a(-7) a prime number?
True
Let h(p) = 25*p - 15. Let j be h(8). Let l = j - -1042. Is l prime?
False
Suppose 17*v = 165171 - 10454. Is v composite?
True
Suppose -3*n - 1 = 2. Let l(s) = -4*s**3 - 1. Let r be l(n). Suppose c = d - 36, 4*c - 2 = r*c. Is d prime?
False
Let d(k) = -5*k**2 - 21*k + 57. Let t(j) = 2*j**2 + 7*j - 19. Let l(c) = 2*d(c) + 7*t(c). Let h be l(9). Let x = h - 253. Is x prime?
False
Let a = 6 + -2. Let l be -45 + ((-3)/(-1) - a). Is (3 + -8)*l/5 composite?
True
Let d(f) = f**3 + 14*f**2 + 9*f + 2. Let z be (20/(-15))/(1/6). Is d(z) composite?
True
Is 1 + 968 - (-7 - -11) prime?
False
Let c(n) be the second derivative of -49*n**6/720 - n**5/20 + 5*n**4/12 - 8*n. Let z(w) be the third derivative of c(w). Is z(-13) a prime number?
True
Suppose -4*r - 2516 = -12264. Is r composite?
False
Let s be 0*(-3 - 7/(-2)). Suppose -t - 4*d + 957 = -3*d, 5*t + d - 4777 = s. Is t composite?
True
Let k(g) = 39*g**2 - 29. Let y be k(18). Suppose 5*l - 2*c = -4*c + 15761, -4*l = c - y. Is l a prime number?
False
Suppose 4*p = o + 586 + 1926, -o = 5*p - 3149. Suppose 4*c = 383 + p. Is c prime?
False
Is (3 - 42/18)/((-4)/(-14694)) prime?
False
Let r(f) = 2724*f - 195. Is r(11) prime?
False
Suppose -4933*a - 65323 = -4934*a. Is a a prime number?
True
Let z = 39 - 24. Suppose -s + 203 = z. Let w = -111 + s. Is w a prime number?
False
Let i be (-3 + 60/3)/((-1)/61). Let d = i - -1824. Is d a composite number?
False
Let r = -153 + 784. Is 3*r/3 - 0 a prime number?
True
Suppose 38711 = 12*p + 8675. Is p composite?
False
Suppose 0 = 4*t + f - 5841, -4*t = -t - 3*f - 4392. Suppose -6*b = t - 8151. Is b a composite number?
True
Let m be 6086/(-13) - 2/(-13). Let z = -174 - m. Suppose 0 = x - 2*d - 57, 0 = -3*x - 2*x + d + z. Is x a prime number?
True
Suppose -4*j = -7919 - 5389. Suppose 4*m = 5*q - 4974, -m + 669 = 4*q - j. Is q a composite number?
True
Let y be -3*(4/6 - 2). Suppose -y*p + 5*p = 293. Is p a prime number?
True
Let v(a) = -14*a**3 + 14*a - 23. Is v(-8) a composite number?
True
Is (18/9)/((-51658)/(-17218) + -3) a prime number?
True
Is ((-22179)/(-12) - -1)*(20 - 16) a prime number?
False
Let h = 419 + 177. Suppose -2*a = -6*a - h. Let w = -64 - a. Is w a composite number?
True
Let z(n) = 2*n**2 - 7*n + 25. Let j be z(-14). Let o = j - 100. Is o prime?
False
Suppose 0 = 5*t - 25, -2*h + 540 = 3*h - 3*t. Suppose 6*d - h = 45. Is d a composite number?
True
Let q(i) = 52*i**3 - 13*i**2 + 16*i - 102. Is q(13) prime?
True
Let w(z) = -113*z**3 + 2*z**2 - 2*z - 6. Let o be w(4). Is 50/225 - (o/18 - 0) prime?
True
Let a = 79032 - 40043. Is a prime?
False
Let k(g) = -3*g - 3. Let j be k(11). Let q be 10/(-25) - j/15. Is (1 + q + 254)/1 a composite number?
False
Is 0*5/20 + 45377 composite?
False
Let m be -1 + (5/(-2) - -2)*6. Is ((-1558)/(-4) + m)/(3/6) composite?
True
Let z = 1984 - -814. Is z a prime number?
False
Let a be (-60)/14 - (-2)/7. Let f(x) = -3*x - 16*x**3 + 7*x**3 - 3 - 6*x**2 + 6 + 6*x**3. Is f(a) composite?
True
Let f(k) = 68*k**2 - 2*k - 1. Let q be f(3). Suppose 5*r + 7*t - q = 4*t, 3*t = 4*r - 484. Suppose 2*n - r = 53. Is n a prime number?
False
Suppose 4*l + 4*u - 20 = 0, 0 - 4 = 2*l - 5*u. Suppose -3*g - 2*f = -6303, -f + 2*f - 6303 = -l*g. Is g a composite number?
True
Let u = -1011 + 1978. Is u prime?
True
Let f = 4855 - 3344. Is f a prime number?
True
Let f(r) = 4*r + 9. Let z be 20 - (0 + (-4 - -2)). Suppose 3*l - z = l. Is f(l) a prime number?
True
Suppose -4*u = 21*p - 26*p + 431, -88 = -p - u. Is p composite?
True
Suppose -65 = -17*x + 28716. Is x prime?
True
Suppose 5*r = 3733 + 1427. Suppose -w = r - 2567. Is w a prime number?
False
Let x(m) = -m**2 + 7*m + 33. Let l be x(11). Let w(g) be the third derivative of -g**4/4 - 5*g**3/2 + 2*g**2. Is w(l) prime?
False
Suppose -12 = -4*o - 0*o. Let i(r) = 185*r + 4. Let b be i(o). Suppose -3*d + 362 = -b. Is d prime?
True
Let g be (-26)/(-5) - 5/25. Let h = 21 + g. Suppose -4*v - 3*o - 120 = -9*v, -h = -v + o. Is v a composite number?
True
Let i(k) = 624*k - 71. Is i(3) composite?
False
Suppose -2*x = -5*r + 271, -4*r + 4*x = -50 - 174. Suppose -7522 = 51*o - r*o. Is o composite?
False
Let a be (10/15)/((-1)/9). Let z(d) = -7*d - 3. Let w be z(a). Let y = w - 20. Is y a prime number?
True
Let f(m) = -2*m + 40. Let r be f(10). Suppose 17*b + 3378 = r*b. Is b a composite number?
True
Let x(o) = -2*o**2 - 8*o - 2. Let q be x(-7). Is 4/22 - (-6 - (-18296)/q) composite?
True
Let t be 3/(2/(48/9)). Is ((-2494)/t + -3)*-4 a prime number?
True
Let z be 7302/12*2/1. Let q(r) = 1901*r**3 - 1. Let b be q(1). Let i = b - z. Is i a prime number?
True
Suppose 14*m = 13*m - 1. Let t be 0*2/8 - m. Is (t/(-1))/((-13)/325) prime?
False
Suppose 10*w = -26118 + 70048. Is w prime?
False
Suppose -2*o + 161 = 5*a, -2*a - o - 68 = -4*a. Let f(u) = 3*u + 38 + a - 5*u + 12. Is f(0) composite?
False
Let s(w) = 6*w**2 + 3*w - 16. Is s(5) a prime number?
True
